q + h - 12, -5*q + 6*h - 2*h + 27 = 0. Let w be (-8)/((-8)/q) + 37. Calculate the greatest common factor of w and 8.
8
Let z(w) = -7*w + 2*w**2 + 2*w - 6 - 6*w**2 - w**3 + 4*w. Let h be z(-5). Calculate the greatest common factor of 8 and h.
8
Suppose 5*m - 5*j - 1305 = 0, 0 = -4*j - 1 + 13. What is the greatest common factor of m and 12?
12
Let l(z) = -z**3 + 8*z**2 - 14*z + 354. Let w be l(10). Let q(u) = -u**3 - u**2 + 2*u + 2. Let k be q(-4). Calculate the greatest common factor of k and w.
14
Let n be (-12 + 1)/(0 + 2/(-100)). Calculate the greatest common factor of 44 and n.
22
Let j be 5 + 3590/90 + (-2)/(-18). Calculate the highest common factor of j and 360.
45
Let j(y) = -7*y - 12. Let z be j(-2). Let u(t) = -t + 3. Let h be u(z). Calculate the greatest common divisor of 8 and h.
1
Let l = -440 + 815. Calculate the greatest common factor of l and 75.
75
Let p(i) = i**2 + 9*i + 4. Let t be p(-9). Suppose 0 = 3*u - 69 - 3. Calculate the highest common divisor of u and t.
4
Let x = 237 + 78. Calculate the greatest common divisor of x and 70.
35
Let t be 2 + -1 - (0 + 22). Let d = t - -33. Let a = -1504 - -1540. What is the highest common factor of a and d?
12
Let x be (8 + 100/(-8))*560/(-12). Suppose -n - 168 = -5*n. What is the highest common divisor of n and x?
42
Suppose y - 34 = -2*z, -2*y = z - 11 - 6. Calculate the greatest common divisor of 272 and z.
17
Suppose 0 = -2*v - 2*d + 108, -3*v + 5*d + 194 = 16. Suppose 0 = -2*w - 2*m + v - 12, -53 = -2*w + m. What is the highest common divisor of w and 100?
25
Suppose -5*t - 5*x = -10 - 25, 3*t - 45 = 3*x. Calculate the highest common factor of 33 and t.
11
Let o be (6/9)/((-2)/3). Let b(f) = -22*f - 2. Let w be b(o). Calculate the greatest common divisor of w and 60.
20
Let r = 78 + -66. Suppose -3*w - 162 = -r*w. Calculate the highest common divisor of w and 6.
6
Let f be (4 - (-3)/(1 - 4))*9. Let q = 401 + -158. What is the highest common factor of f and q?
27
Let o be (-5 - -155)*(-6)/(-15). What is the greatest common divisor of 12 and o?
12
Let u = -1 + 6. Suppose -3*s + u*c = -s - 15, -3 = 5*s + c. Suppose 0 = 4*i - s*i - 32. What is the greatest common factor of 2 and i?
2
Suppose 11*b - 798 = 368. What is the greatest common factor of b and 2?
2
Let c = -2227 - -2259. Let m = -4 + 8. Calculate the greatest common factor of m and c.
4
Let d be 9*((-26)/6 - (3 - 4)). Let m be (-6 + (-216)/d)*15/2. Let z = -52 - -115. What is the highest common factor of z and m?
9
Let o = 2 + 53. Suppose 3*l = 4*l - o. Suppose -3*q = -3 - 63. Calculate the greatest common divisor of q and l.
11
Suppose -h + 117 + 23 = 0. What is the greatest common factor of h and 105?
35
Let s = 151 + 58. Suppose m + m = 2*h - 14, -3*h = -2*m - 11. Let u(a) = -a + 9. Let y be u(m). Calculate the greatest common factor of s and y.
19
Let c be 312/(-9)*(-3 + 0). Calculate the greatest common divisor of 182 and c.
26
Suppose 0 = -6*c + 2*c + 220. Suppose 3*l = c + 53. Calculate the highest common factor of 18 and l.
18
Let m be 0/((-2)/(1 + 2 + -4)). Suppose 2*q - 135 - 281 = m. What is the highest common factor of q and 13?
13
Suppose -30*n = -63*n + 495. Calculate the greatest common divisor of n and 1440.
15
Suppose 5 - 15 = -5*r. Suppose 4*t = r*v - 92, 4*v = t - 34 + 183. Suppose -4*m + 33 + 63 = 0. What is the highest common factor of v and m?
12
Let x be (-30)/(-100) - 1268/(-40). Let v = -68 - -132. Calculate the greatest common factor of x and v.
32
Let y be 8/20 - (-6)/(-15). Suppose -7*n + 4*n + 99 = y. What is the highest common factor of 33 and n?
33
Suppose 15*p - 3214 = 926. What is the highest common factor of p and 12?
12
Let f be (-50)/(-3) + 2/(-3). Suppose -f = -6*x + 2*x. Suppose 7*h = 11*h - 144. What is the highest common divisor of x and h?
4
Let k = 177 + -107. Let j = 1391 + -1363. Calculate the greatest common factor of j and k.
14
Let g(s) = s**3 - 14*s**2 + 10*s - 30. Let p = 57 - 43. Let i be g(p). Calculate the highest common divisor of 44 and i.
22
Let l(d) = 2*d**2 + d - 4. Let j be l(-6). Suppose -2*c = -0*c - j. Suppose 34*q = c*q + 42. Calculate the greatest common divisor of 14 and q.
14
Suppose 89*g = 88*g + 15. What is the highest common divisor of g and 145?
5
Suppose 0 = j - 3*o - 0 - 23, 0 = -4*o - 20. Calculate the highest common factor of j and 5.
1
Suppose -105 + 110 = 5*l. Calculate the highest common divisor of 25 and l.
1
Suppose -3*y = 3*b - 141, 3*b = 8*b - 4*y - 235. What is the greatest common factor of b and 517?
47
Let f = -2 - -132. Suppose -j + f = j. Let m(q) = -q**2 - 12*q + 2. Let h be m(-11). Calculate the greatest common factor of j and h.
13
Suppose 180 = 37*d - 5. What is the greatest common divisor of 265 and d?
5
Let b = 9 + -5. Let l be (-16799)/(-321) + (-2 - 10/(-6)). Calculate the greatest common divisor of b and l.
4
Let t be (0 + -2)*43/(-2). Let h = t + -9. What is the highest common divisor of h and 306?
34
Suppose -2*a + a = -55. Let l = -18 - -21. Let g be 18*((-33)/(-9) - l) + -1. What is the highest common factor of g and a?
11
Suppose -r = -o + 554, -556 = 11*o - 12*o + 2*r. Calculate the highest common divisor of o and 3.
3
Suppose 2*u + 3*m = 191, -3*u - 5*m = -169 - 116. Calculate the greatest common factor of u and 10.
10
Let x(i) = 2*i**2 + 8*i + 5. Let c be x(0). What is the highest common divisor of c and 225?
5
Let r be (-2)/(8/169) + (-1)/(-4). Let u be (-660)/(-77)*r/(-4). Calculate the greatest common divisor of u and 20.
10
Let t(q) = q + 12. Let h be t(12). Calculate the greatest common divisor of h and 300.
12
Let v(d) = 38*d + 1313. Let g be v(0). What is the highest common divisor of g and 101?
101
Suppose 12*s - 35015 = 22585. What is the highest common divisor of 75 and s?
75
Let r = 59 + -59. Let d be (-30)/(-2) - (0 - (r - 3)). What is the greatest common divisor of 180 and d?
12
Let l = 115 - 88. Let j = -41 + 68. What is the highest common divisor of l and j?
27
Suppose 5*u + 2*r = -0*r - 21, -3*r = 2*u + 15. Let d(q) = 3 + 6*q**2 + 5 - 7. Let v be d(u). What is the greatest common divisor of v and 11?
11
Let j(i) = 2*i**2 + i - 3. Let a be j(-3). Suppose -4*h - k + 190 = 0, k = h - 6*h + 238. Calculate the greatest common divisor of a and h.
12
Let z(n) = n**2 - 4*n + 15. Let a be z(-5). Let y(v) = 24*v**2 - v - 1. Let k be y(-1). What is the greatest common factor of a and k?
12
Suppose -9 = -k + 2*u + 11, -5*k - 2*u + 160 = 0. Suppose 2*x - 3*a - 135 = 0, 22 = -2*x + 2*a + 162. What is the greatest common factor of x and k?
15
Let v(k) = -15*k + 14. Let m be v(-2). What is the greatest common factor of m and 484?
44
Suppose 2*g - 250 = -3*g. Suppose -26612 = -14*h - 25562. What is the highest common factor of g and h?
25
Let m = -6 + 11. Let u = 9 - m. Suppose -u*q - j = -10, 5*q - 2*q - 15 = 3*j. Calculate the greatest common divisor of q and 24.
3
Suppose 3*l + w - 131 - 17 = 0, -4*w = 20. Suppose -o - 3 = -7. Suppose -o*n + l = -29. Calculate the highest common divisor of 30 and n.
10
Suppose g = 3*c + 18, 0*g - 3*g + 86 = -c. Suppose 0 = -3*d - 2*p + 3*p + 723, d - 5*p - 255 = 0. What is the highest common factor of g and d?
30
Let m be 20/(((-4)/3)/(-2)). Let v be (-3)/(-9) - (-1 - (-24)/(-9)). Suppose -p - 11 = 3*k - 53, k + v*p = 3. What is the greatest common divisor of k and m?
15
Suppose 2*d + z = 8, 3*d + 2*d = -z + 14. Let x(v) = v**3 - 5*v**2 + 3*v. Let a be x(d). Let p = 30 + a. Calculate the greatest common divisor of 8 and p.
8
Let y(j) = 124*j - 7. Let k be y(1). What is the highest common divisor of 13 and k?
13
Let b = -849 - -985. What is the greatest common factor of 221 and b?
17
Suppose 7 + 1 = 4*l. Suppose -2*g + l = -g. Let a(x) = 3*x**2 - 3*x - 2. Let j be a(3). What is the highest common factor of g and j?
2
Let o be -243*((-7)/3 + (-3)/(-9)). What is the greatest common factor of 108 and o?
54
Let u = -12 + 14. Let d(j) = -6 + j**2 + 5 - u*j + 8*j - 3. Let y be d(-8). Calculate the greatest common factor of y and 12.
12
Let i = 0 + 155. Calculate the highest common divisor of i and 31.
31
Let q be ((-216)/45)/12 - 291/(-15). What is the highest common factor of q and 57?
19
Let s = 19 - 10. Let c(j) = -j**3 + 8*j**2 + 12*j - 11. Let b be c(s). Suppose 2*h - 7 = -5*o + 7, -5*h = 